t h be 5 + (-1)/(b/4). Calculate r(h).
-4
Let d(r) = -r**3 - 5*r**2 - 1. Let w = 18 - 16. Suppose 4 = w*q + 2*q, -2*t - 4*q = 6. Calculate d(t).
-1
Let t(g) be the third derivative of -g**6/120 - g**5/15 + 5*g**4/24 - 7*g**3/6 + g**2. Let r(c) = c**2 + 4*c - 1. Let x be r(-2). What is t(x)?
-7
Let f(p) = 6*p + 0*p - 178 + 178. Suppose -3*n - 2 = -n. Calculate f(n).
-6
Let k(l) be the third derivative of l**5/60 - l**4/4 + l**3/6 + 12*l**2. Give k(5).
-4
Let h be ((-60)/(-9))/((-6)/(-27)). Suppose -o - 3*l - 2 = -20, -5*o + h = 3*l. Suppose o*v + 0*v = -3. Let n(a) = a**2. Calculate n(v).
1
Let y(q) = -q**3 - 7*q**2 - 7*q + 6. Let l(k) = k**2 - 6*k - 6. Let v be l(6). Calculate y(v).
12
Let k(n) be the first derivative of -n**4/4 + 2*n**3 - 5*n**2/2 - n + 54. Determine k(5).
-1
Let u(g) = -21*g**3 + 9*g**2 + 3*g + 5. Let d(i) = -31*i**3 + 13*i**2 + 4*i + 7. Let v = 34 + -41. Let m = 11 + -6. Let w(q) = m*d(q) + v*u(q). What is w(1)?
-7
Suppose 6*i - 2*i = q - 24, 15 = -5*i. Suppose -2*n + q = 4*j, -3*j = -4*n - j + 24. Suppose -2*k = -n*k. Let c(y) = -y + 4. What is c(k)?
4
Let n(z) = z**3 - 6*z**2 - z - 3. Let q be n(6). Let l be (-2 - 1) + q + 17. Let i(h) = -h**2 + 5*h + 6. Calculate i(l).
6
Let o = -121 + 129. Let p(j) = j**2 - 9*j + 6. Give p(o).
-2
Let a(x) = x**3 + 4*x**2 + 3*x - 1. Let h(v) = -v + 3. Suppose 0 = c - 5*c + 16. Suppose 0 = c*k - 7 - 17. Let m be h(k). Give a(m).
-1
Let t(l) = -3*l**2 - 1. Suppose 2*z - 18 + 16 = 0. Calculate t(z).
-4
Let q(b) be the first derivative of 3 + 8*b + 1/2*b**2. What is q(-4)?
4
Let y(g) = 2*g**2 + 5*g + 2. Let j = 128 - 131. What is y(j)?
5
Let d(s) = 7*s**2 - 2*s - 1. Let r(j) = j**2 - j + 1. Let g(z) = -d(z) + 6*r(z). Suppose b - 9 = u, u - 11 + 0 = -4*b. Determine g(u).
2
Suppose 5*p = 52 + 13. Let u = p + -13. Let g(f) = -f**2 - f - 8. What is g(u)?
-8
Let q(y) = -y**2 - 2*y + 1. Let j be (8/(-6))/((-14)/21). Suppose -j*c + 3*x = 18, -x = c - 0*x - 1. Determine q(c).
-2
Suppose 4*g + 0*g = 4*p + 12, 22 = 2*g + 2*p. Suppose 2*u - g*u = 25. Let h(c) = c + 6. Calculate h(u).
1
Let t(k) = -8 - k - 8*k + 10*k. Let y be t(10). Let g(n) = 2*n - 5 + 2*n - 3*n**2 + 2. Give g(y).
-7
Suppose 5*d + 51 = -4*w, -3*d + w - 33 = 4*w. Let v(j) = -6*j + j - 2 + j - 4*j - j**2. Let g be v(d). Let m(y) = -y + 6. Determine m(g).
1
Let n(d) = d**2 + 12*d - 5. Let p(w) = -6*w**2 - 61*w + 24. Let y(a) = -11*n(a) - 2*p(a). Give y(7).
-14
Let s(i) = i**2 + 2*i + 3. Let a be s(-2). Let d(f) = a*f - 6*f + 4 + 2*f. Let r = -6 + 11. Calculate d(r).
-1
Let f(h) be the second derivative of h**5/5 - h**4/3 - 5*h**3/6 - 3*h**2/2 + 4*h. Let p(q) = -5*q**3 + 4*q**2 + 6*q + 3. Let k(d) = 6*f(d) + 5*p(d). Give k(-4).
-3
Let s(q) = -2*q**2 - 8*q + 13. Let x(k) = -k**2 - 4*k + 6. Let g(c) = 4*s(c) - 9*x(c). Let j(p) = 3*p + 1. Let m be j(-2). Determine g(m).
3
Let y(b) = -b**3 - 6*b**2 - 5*b - 1. Suppose -i - 2*i = m + 5, 0 = -5*i - 10. Let w be (30/(-24))/(m/4). Calculate y(w).
-1
Suppose -7 - 5 = 2*t. Let y be (2/3)/((-12)/18). Let s(o) = -o + 1. Let i(n) = 7*n - 8. Let j(g) = t*s(g) + y*i(g). Determine j(0).
2
Let n(r) = r**3 + r**2 + r + 1. Let t be n(0). Let g(q) = -15*q**3 + 4*q - 15. Let m(f) = 7*f**3 - 2*f + 7. Let s(w) = 6*g(w) + 13*m(w). Give s(t).
0
Let n(r) = 2*r**2 - r - 2. Let v(q) = -2*q**2 - 12*q + 12. Let c be v(-7). Give n(c).
8
Let g(t) be the third derivative of -t**6/120 + t**5/30 + t**4/24 - t**3/6 - 33*t**2. Determine g(3).
-7
Let m(q) = 3*q**3 + 2*q**2 + 3. Let p be ((3/(-3))/1)/1. Let y(j) = -j**2 - 1. Let i(v) = p*m(v) - 2*y(v). What is i(-1)?
2
Let m(o) = -17*o + 5. Let k(c) = 11*c - 3. Let f(l) = -8*k(l) - 5*m(l). Suppose 2*b = -b + 6. Suppose 0 = q - v - 2, 5*q - 2*q + 14 = -b*v. Calculate f(q).
5
Let o be 4 - 0 - 1/(-1). Let d(l) be the first derivative of -l**3/3 + 3*l**2 + 9. Give d(o).
5
Let w(x) = -6*x**3 - x**2 - 2*x - 1. Let h(z) = 4*z**2 - 1. Let i be h(-1). Suppose 0 = -i*a - 5*p + 7, 10 = -4*a - 0*a + 3*p. Determine w(a).
6
Let x(l) = 5 + 3*l + 7 - 3. Suppose -i = -5*d + 1, -6*d + d = 5. Calculate x(i).
-9
Let c(q) = 15*q - 7 - 4*q**3 - 11*q + 5*q**3 - 4*q**2 - 2*q**2. Give c(5).
-12
Suppose -3*q + k = -2*q - 2, 0 = -2*q + 4*k + 4. Suppose 5*u - q = 3. Let p = 2 - u. Let o(g) = 3*g**3 - 2*g**2 + g. Calculate o(p).
2
Let i(c) = -c**2 - 7*c + 3. Let m be i(-8). Let b = m + 2. Let a(q) be the first derivative of -q**4/4 - q**3 - q**2/2 - q + 1. Calculate a(b).
2
Suppose -4*c + 9*c - 15 = 5*w, -4*w - 8 = -2*c. Suppose 2 + c = -2*z. Let j be z - (-6 - (1 + -3)). Let y(i) = i + 1. What is y(j)?
3
Let m = 31 - 11. Suppose 0 = j + 3*j - m. Let d(n) = -n**2 + 7*n - 4. Give d(j).
6
Let m be -2*(5/2)/(-1). Let n(f) be the first derivative of f**3/3 - 3*f**2 - f - 56. Calculate n(m).
-6
Let q(y) be the second derivative of -y**3/6 + 3*y**2/2 - 6*y. What is q(-3)?
6
Let t be 4/((-5)/((-75)/(-10))). Let d(m) = -m**2 - 7*m. Determine d(t).
6
Let u(t) = -t**3 - 12*t**2 + 15*t + 10. Let j(m) = m**2 - m. Let p(o) = 4*j(o) + u(o). Calculate p(-9).
-8
Let l(y) = 7*y**3 + 8*y - 10. Let h(t) = -t**3 - t**2 - t + 1. Let n(w) = -6*h(w) - l(w). Give n(6).
-8
Let m(o) = o - 7. Let n be m(6). Let z be -1 + -3 - (n - 1). Let h(v) be the third derivative of v**6/120 + v**5/20 - 2*v**2. Calculate h(z).
4
Suppose -4 = -6*c + 20. Let j(l) = -l**3 + 3*l**2 + 2*l + 5. Determine j(c).
-3
Let v(m) be the first derivative of -m**6/180 - m**4/12 - 2*m**3/3 - 2. Let w(o) be the third derivative of v(o). What is w(2)?
-10
Let f(n) = -n**3 - 7*n**2 - 5*n + 3. Suppose 4*g - 3*c + 21 = 0, 2*g + 3 = 5*c - 4. Calculate f(g).
-3
Let d(o) = -o**3 - 4*o**2 - 3*o - 4. Let c be 2/(-6) + 70/21. Let r(k) = 3*k**c - 3 + 2 + 0. Let b be r(-1). What is d(b)?
8
Let b(l) = -4*l - 3. Let w(o) = -o + 4. Let r be w(0). Suppose -r*a - 20 = -0*a. Let s(n) = -2*n - 2. Let f(z) = a*s(z) + 3*b(z). Give f(-2).
5
Let j(c) = 2*c**2 + 7*c + 8. Let w(i) = -5*i**2 - 15*i - 17. Let p(m) = 7*j(m) + 3*w(m). Let t = -8 + -2. Let h = -5 - t. Give p(h).
0
Let u(b) = -b**3 + b**2 - b + 6. Suppose -3*d = -22 - 23. Suppose i + 4*i = d. Let q = 3 - i. Give u(q).
6
Suppose -2*o + 3*o - 8 = 0. Suppose 7*x - o*x = 1. Let d(p) be the second derivative of -3*p**5/10 - p**4/6 + p**2/2 + p. Calculate d(x).
5
Let c(h) = -h. Let k(g) = 3*g. Let j(z) = 2*c(z) + k(z). Let o be ((-1)/2)/((-1)/(-4)). Give j(o).
-2
Let l be (-3*(-2)/24)/1. Let a(f) be the first derivative of 4/3*f**3 + l*f**4 - 4*f - 1 + 1/2*f**2. Give a(-3).
2
Suppose -7*h = -3*h - 8. Let v be (-2)/3 - (-16)/6. Let j(l) = -v - 2*l + 4 - l. What is j(h)?
-4
Let i(q) be the first derivative of -q**7/840 + q**6/360 - q**5/40 + q**4/24 - 4*q**3/3 + 8. Let u(g) be the third derivative of i(g). Calculate u(2).
-9
Suppose 5*h - 4*h + 20 = -3*p, 0 = 3*h - 5*p - 10. Let g(j) = -7 - j + 2 - 7. Give g(h).
-7
Let a(p) = -p**3 - 5*p**2 + 7*p - 2. Let w(k) = -k**2 + k. Let u(z) = -a(z) + 5*w(z). Suppose 0 = -3*b - 2*y + y + 6, -4*b - 3*y = -8. What is u(b)?
6
Let t be (-3 - 1) + 8/8. Let s(z) = z - 3. Give s(t).
-6
Let g(a) = a**2 + 1. Let r(c) = -c + 2. Let i be r(6). Let k(h) = 5*h**2 - 5*h + 9. Let d(p) = i*g(p) + k(p). Let u be 0 + 1 + (2 - -1). Calculate d(u).
1
Let r(c) = -c**3 - c**2 + c. Let x(n) = n**3 + 2*n**2 - n - 1. Let h(w) = -3*r(w) - 2*x(w). Calculate h(0).
2
Let l = -3 + 2. Let z(h) = -h**2 - 7*h - 2. Let j(m) = m**2 + 4*m + 1. Let k(u) = -5*j(u) - 3*z(u). Determine k(l).
-2
Let v(n) = -n**2 + n + 3 - 1 - 3. Suppose -4*d + 2 = 2*t, 2*t - 7*d = -2*d + 11. What is v(t)?
-7
Let n(s) be the third derivative of s**6/24 - s**5/60 + s**3/6 + s**2. Let t(v) = -6*v + 5. Let q be t(1). Calculate n(q).
-5
Let c(n) = -n + 5. Suppose -b + r + 5 + 2 = 0, 5*b = r + 31. Calculate c(b).
-1
Let w(d) = -d**2 + 5*d + 7. Let k = 3 + 2. Calculate w(k).
7
Let r(h) be the third derivative of -h**5/120 + h**4/2 + h**3 - h**2. Let s(f) be the first derivative of r(f). What is s(6)?
6
Let f be 2/4 + (-7)/(-2). Let w(y) = y. Give w(f).
4
Suppose 0 = 4*x - 0*x - 20. Let n(k) = -k**2 + k - 1. Let u(f) = 6*f**2 - 8*f + 5. Let j(g) = -5*n(g) - u(g). Calculate j(x).
-10
Let g be (-200)/52 + (-6)/39 - 2. Let j(h) = -h**3 - 5*h**2 + 6*h + 2. What is j(g)?
2
Let m(w) = w**3 + 7*w**2 - 8*w - 4. Let d(f) = 6*f - 2. Let i be d(-1). Calculate m(i).